alse
Does 31 divide 4759866?
False
Does 919 divide 267574?
False
Is 314416 a multiple of 43?
True
Is 37628 a multiple of 46?
True
Does 29 divide 1969448?
True
Does 22 divide 4365042?
True
Does 547 divide 436506?
True
Is 2363 a factor of 828791?
False
Does 115 divide 174489?
False
Is 2606940 a multiple of 9?
True
Does 33 divide 93126?
True
Does 356 divide 3854651?
False
Is 76 a factor of 1796032?
True
Is 183 a factor of 601338?
True
Is 26 a factor of 1309692?
False
Does 70 divide 7713022?
False
Does 712 divide 893510?
False
Is 9 a factor of 1693902?
False
Does 14 divide 183022?
True
Is 284 a factor of 19037372?
True
Is 1108 a factor of 5385988?
True
Does 48 divide 200691?
False
Is 334400 a multiple of 38?
True
Does 180 divide 65205?
False
Does 321 divide 168522?
False
Does 88 divide 83336?
True
Does 19 divide 342323?
True
Does 180 divide 139500?
True
Is 1330166 a multiple of 90?
False
Is 337 a factor of 545266?
True
Is 649674 a multiple of 35?
False
Is 61 a factor of 78080?
True
Does 52 divide 124592?
True
Is 127 a factor of 246507?
True
Is 9282594 a multiple of 47?
True
Does 2 divide 147686?
True
Does 56 divide 1596168?
True
Is 33 a factor of 400541?
False
Is 1874 a factor of 17420876?
False
Does 259 divide 1051955?
False
Does 131 divide 1820566?
False
Is 1025 a factor of 9443325?
True
Does 161 divide 153136?
False
Does 14 divide 50529?
False
Is 644865 a multiple of 15?
True
Is 1882418 a multiple of 350?
False
Does 42 divide 1142311?
False
Is 30 a factor of 16770?
True
Does 16 divide 348592?
True
Does 259 divide 10487?
False
Does 298 divide 164198?
True
Does 238 divide 1247358?
True
Is 17977 a multiple of 6?
False
Is 927017 a multiple of 167?
True
Does 28 divide 119028?
True
Is 15 a factor of 3709836?
False
Is 5673276 a multiple of 329?
True
Does 79 divide 277685?
True
Is 898 a factor of 3676499?
False
Does 26 divide 290201?
False
Is 1583346 a multiple of 57?
True
Is 443 a factor of 521079?
False
Is 1171 a factor of 952023?
True
Does 346 divide 1636926?
True
Is 14 a factor of 47412?
False
Is 374592 a multiple of 452?
False
Does 82 divide 11948712?
True
Is 104148 a multiple of 198?
True
Is 9379450 a multiple of 15?
False
Does 64 divide 11676325?
False
Does 2 divide 87411?
False
Is 167 a factor of 379257?
True
Is 15664 a multiple of 44?
True
Does 4 divide 66116?
True
Is 23 a factor of 448270?
True
Does 125 divide 558182?
False
Is 146265 a multiple of 23?
False
Does 51 divide 826710?
True
Is 55 a factor of 364429?
False
Is 142524 a multiple of 154?
False
Is 1883250 a multiple of 243?
True
Is 18018264 a multiple of 524?
True
Is 467976 a multiple of 444?
True
Is 134 a factor of 3190783?
False
Is 478 a factor of 16116726?
True
Is 744 a factor of 2656824?
True
Is 19210 a multiple of 26?
False
Is 135936 a multiple of 98?
False
Is 393 a factor of 185496?
True
Does 155 divide 12730460?
True
Is 56027 a multiple of 3?
False
Is 1186045 a multiple of 31?
False
Is 170802 a multiple of 46?
False
Does 48 divide 1701984?
True
Is 315 a factor of 262101?
False
Is 1374439 a multiple of 407?
True
Is 7 a factor of 16665572?
True
Is 7 a factor of 19922?
True
Does 111 divide 1026084?
True
Is 537 a factor of 8729472?
True
Does 16 divide 219696?
True
Is 70470 a multiple of 30?
True
Is 65392 a multiple of 488?
True
Does 11 divide 65689?
False
Does 1242 divide 3539700?
True
Does 52 divide 654173?
False
Does 155 divide 140275?
True
Is 2339981 a multiple of 203?
True
Does 273 divide 8430240?
True
Is 280 a factor of 700000?
True
Does 6 divide 2636840?
False
Is 336644 a multiple of 300?
False
Does 54 divide 36199?
False
Does 19 divide 774326?
True
Is 36 a factor of 124346?
False
Is 5 a factor of 139885?
True
Is 28 a factor of 351428?
True
Is 36 a factor of 927549?
False
Is 1419990 a multiple of 55?
True
Is 103 a factor of 14626?
True
Is 134500 a multiple of 5?
True
Is 7988421 a multiple of 147?
True
Is 12 a factor of 28322?
False
Does 6 divide 8220?
True
Is 9924 a multiple of 299?
False
Does 73 divide 644371?
True
Does 414 divide 259992?
True
Is 470322 a multiple of 87?
True
Is 32 a factor of 591198?
False
Does 17 divide 4254131?
True
Is 7 a factor of 793002?
True
Is 32 a factor of 542303?
False
Is 93 a factor of 355818?
True
Is 98 a factor of 2716?
False
Does 19 divide 36134?
False
Is 651265 a multiple of 4?
False
Is 4 a factor of 1159024?
True
Is 248603 a multiple of 100?
False
Does 8 divide 52281?
False
Is 382 a factor of 339598?
True
Is 21 a factor of 87979?
False
Is 6 a factor of 110226?
True
Does 23 divide 28480095?
True
Does 90 divide 2593394?
False
Is 512 a factor of 371200?
True
Is 7 a factor of 79233?
True
Is 13078742 a multiple of 19?
False
Is 201 a factor of 67737?
True
Does 51 divide 978231?
True
Does 66 divide 6656496?
True
Does 103 divide 512734?
True
Does 384 divide 7293696?
True
Is 44155 a multiple of 32?
False
Does 70 divide 302330?
True
Is 5837851 a multiple of 700?
False
Is 497 a factor of 1370010?
False
Does 44 divide 806872?
True
Is 1102662 a multiple of 29?
False
Does 17 divide 3968812?
False
Does 20 divide 1320?
True
Is 40 a factor of 2380080?
True
Is 10903140 a multiple of 1170?
False
Is 37 a factor of 530679?
False
Is 234 a factor of 2444585?
False
Is 166 a factor of 2585450?
True
Does 39 divide 460489?
False
Is 172431 a multiple of 833?
True
Is 139 a factor of 342114?
False
Is 13441698 a multiple of 1559?
True
Does 12 divide 23817?
False
Does 2 divide 228988?
True
Is 272992 a multiple of 32?
True
Is 447026 a multiple of 202?
True
Is 23 a factor of 2452356?
False
Is 12 a factor of 6032424?
True
Is 445 a factor of 692053?
False
Is 88894 a multiple of 37?
False
Is 12 a factor of 563292?
True
Is 231264 a multiple of 24?
True
Does 27 divide 268380?
True
Is 17 a factor of 21036?
False
Is 157 a factor of 36581?
True
Is 5408450 a multiple of 46?
True
Does 18 divide 1425194?
False
Is 513 a factor of 541470?
False
Is 948720 a multiple of 118?
True
Is 479354 a multiple of 180?
False
Is 19 a factor of 924217?
True
Does 60 divide 397440?
True
Is 1430772 a multiple of 12?
True
Is 3488548 a multiple of 61?
False
Is 149420 a multiple of 155?
True
Does 120 divide 880100?
False
Is 329658 a multiple of 329?
True
Does 10 divide 350321?
False
Is 27 a factor of 44208?
False
Is 37466 a multiple of 262?
True
Does 21 divide 2391368?
False
Does 178 divide 14373770?
False
Is 59 a factor of 4781851?
False
Is 4341178 a multiple of 10?
False
Is 845 a factor of 2876380?
True
Does 14 divide 19142004?
True
Is 20 a factor of 138380?
True
Does 13 divide 1766?
False
Is 29125 a multiple of 233?
True
Is 438045 a multiple of 57?
True
Is 74672 a multiple of 16?
True
Is 8943743 a multiple of 111?
False
Is 54 a factor of 69474?
False
Does 31 divide 2074892?
True
Does 159 divide 19398?
True
Is 96 a factor of 237363?
False
Is 65 a factor of 227760?
True
Is 514672 a multiple of 22?
False
Is 63 a factor of 4081833?
True
Is 67465 a multiple of 22?
False
Does 16 divide 376704?
True
Is 18 a factor of 52056?
True
Is 86 a factor of 721949?
False
Is 33 a factor of 149058?
False
Does 11 divide 482559?
True
Does 1061 divide 1783541?
True
Is 3830355 a multiple of 89?
False
Is 34 a factor of 515324?
False
Is 192 a factor of 90624?
True
Does 660 divide 10043220?
True
Does 9 divide 34686?
True
Is 604 a factor of 888695?
False
Is 47 a factor of 34780?
True
Is 4 a factor of 1055508?
True
Does 55 divide 2246200?
True
Is 148 a factor of 109585?
False
Does 145 divide 1733040?
True
Is 887962 a multiple of 153?
False
Does 505 divide 871055?
False
Is 192 a factor of 3102273?
False
Does 11 divide 127347?
True
Is 2283 a multiple of 2?
False
Does 33 divide 16183530?
True
Is 34 a factor of 22207839?
False
Does 50 divide 4346300?
True
Is 12 a factor of 65184?
True
Is 258 a factor of 269352?
True
Is 5688672 a multiple of 16?
True
Is 290619 even?
False
Does 322 divide 271597?
False
Does 45 divide 500625?
True
Is 984820 a multiple of 15?
False
Is 68 a factor of 21964?
True
Does 28 divide 2084058?
False
Is 226 a factor of 11653998?
False
Does 77 divide 14399?
True
Does 11 divide 473605?
True
Does 1259 divide 6564426?
True
Does 308 divide 137088?
False
Does 56 divide 1682285?
False
Is 168 a factor of 3723384?
True
Is 11 a factor of 41107?
True
Does 24 divide 15559420?
False
Is 156 a factor of 1150812?
True
Does 208 div